{"id":1490,"date":"2022-03-02T13:54:26","date_gmt":"2022-03-02T12:54:26","guid":{"rendered":"http:\/\/primal.tech\/?page_id=1490"},"modified":"2022-03-28T13:53:12","modified_gmt":"2022-03-28T11:53:12","slug":"mentions-legales","status":"publish","type":"page","link":"https:\/\/primal.tech\/en\/mentions-legales\/","title":{"rendered":"Personal data protection policy \ud83d\udd12"},"content":{"rendered":"<p class=\"has-text-align-center\">PRIMAL s&rsquo;engage, dans le cadre de ses activit\u00e9s et conform\u00e9ment \u00e0 la l\u00e9gislation en vigueur en France et en Europe, \u00e0 assurer la protection, la confidentialit\u00e9 et la s\u00e9curit\u00e9 des donn\u00e9es \u00e0 caract\u00e8re personnel des utilisateurs de ses services, ainsi qu&rsquo;\u00e0 respecter leur vie priv\u00e9e.<\/p>\n\n\n\n<div style=\"height:60px\" aria-hidden=\"true\" class=\"wp-block-spacer\"><\/div>\n\n\n\n<h3 class=\"has-text-align-center wp-block-heading\">Why does PRIMAL process your data ?<\/h3>\n\n\n\n<div style=\"height:40px\" aria-hidden=\"true\" class=\"wp-block-spacer\"><\/div>\n\n\n\n<p class=\"has-text-align-center\">PRIMAL only processes personal data for specific, explicit and legitimate purposes. PRIMAL does not process this data in a manner incompatible with these purposes.<\/p>\n\n\n\n<div style=\"height:60px\" aria-hidden=\"true\" class=\"wp-block-spacer\"><\/div>\n\n\n\n<h5 class=\"has-text-align-center wp-block-heading\">1) PRIMAL traite vos donn\u00e9es dans le cadre de l&rsquo;ex\u00e9cution d&rsquo;un contrat<\/h5>\n\n\n\n<div style=\"height:40px\" aria-hidden=\"true\" class=\"wp-block-spacer\"><\/div>\n\n\n\n<p class=\"has-text-align-center\">To this end, the goals pursued by PRIMAL are as follows :<\/p>\n\n\n\n<ul class=\"wp-block-list\"><li>Order management, processing and tracking<\/li><li>Account creation<\/li><li>Content creation and sharing<\/li><li>Creating and sharing photos (compressed data)<\/li><li>Creating and sharing audio messages (compressed data)<\/li><li>Notifications necessary for the operation of the proposed services (example : actimetry, use of badges)<\/li><li>Geolocations necessary for the operation of the proposed services (example : use of BLE, Wi-Fi, GPS, 3G functions)<\/li><\/ul>\n\n\n\n<p class=\"has-text-align-center\">Vos donn\u00e9es sont conserv\u00e9es pour la dur\u00e9e n\u00e9cessaire \u00e0 l&rsquo;accomplissement des finalit\u00e9s mentionn\u00e9es ci-dessus. S&rsquo;agissant des traitements relatifs \u00e0 l&rsquo;ex\u00e9cution du contrat, les donn\u00e9es peuvent \u00eatre conserv\u00e9es au maximum pour une dur\u00e9e de trois ans \u00e0 compter de la fin de la relation contractuelle.<\/p>\n\n\n\n<div style=\"height:60px\" aria-hidden=\"true\" class=\"wp-block-spacer\"><\/div>\n\n\n\n<h5 class=\"has-text-align-center wp-block-heading\">2) PRIMAL r\u00e9alise \u00e9galement des traitements de donn\u00e9es pour d&rsquo;autres finalit\u00e9s que la stricte ex\u00e9cution de contrats. Dans ce cas, PRIMAL s&rsquo;assure d&rsquo;avoir un int\u00e9r\u00eat l\u00e9gitime \u00e0 r\u00e9aliser le traitement. Par ailleurs, des traitements pourront faire l&rsquo;objet, autant que de besoin, du recueil de votre consentement, que vous pourrez retirer \u00e0 tout moment.<\/h5>\n\n\n\n<div style=\"height:40px\" aria-hidden=\"true\" class=\"wp-block-spacer\"><\/div>\n\n\n\n<p class=\"has-text-align-center\">To this end, the goals pursued by PRIMAL are as follows :<\/p>\n\n\n\n<ul class=\"wp-block-list\"><li>Informer via l&rsquo;inscription aux Newsletters<\/li><li>Answer questions, advise<\/li><li>R\u00e9pondre aux besoins de fonctionnement des services (Cookies \ud83c\udf6a)<\/li><li>Les cookies utilis\u00e9s par PRIMAL servent uniquement au maintien de la session utilisateur apr\u00e8s son authentification. Il s&rsquo;agit exclusivement de cookies de fonctionnement, qui peuvent toutefois \u00eatre refus\u00e9s en configurant les param\u00e8tres de votre navigateur<\/li><\/ul>\n\n\n\n<p class=\"has-text-align-center\">Vos donn\u00e9es sont conserv\u00e9es pour la dur\u00e9e n\u00e9cessaire \u00e0 l&rsquo;accomplissement des finalit\u00e9s mentionn\u00e9es ci-dessus.<\/p>\n\n\n\n<div style=\"height:60px\" aria-hidden=\"true\" class=\"wp-block-spacer\"><\/div>\n\n\n\n<h3 class=\"has-text-align-center wp-block-heading\">What data is processed ?<\/h3>\n\n\n\n<div style=\"height:40px\" aria-hidden=\"true\" class=\"wp-block-spacer\"><\/div>\n\n\n\n<p class=\"has-text-align-center\">Selon le cas, PRIMAL traite vos donn\u00e9es personnelles, directement collect\u00e9es aupr\u00e8s de vous ou r\u00e9sultant de l&rsquo;utilisation des produits ou services. PRIMAL ne traite une donn\u00e9e ou une cat\u00e9gorie de donn\u00e9es que si elle est strictement n\u00e9cessaire \u00e0 la finalit\u00e9 poursuivie.<\/p>\n\n\n\n<p class=\"has-text-align-center\">PRIMAL processes the following categories of data :<\/p>\n\n\n\n<ul class=\"wp-block-list\"><li>Donn\u00e9es d&rsquo;identification : Nom, pr\u00e9nom&#8230;<\/li><li>Personal characteristics : date of birth<\/li><li>Donn\u00e9es de contact : adresse postale, email, num\u00e9ro de t\u00e9l\u00e9phone&#8230;<\/li><li>Donn\u00e9es \u00e9conomiques et financi\u00e8res : moyens de paiement, historique de paiements&#8230;<\/li><li>Donn\u00e9es de connexion, d&rsquo;usage des services et d&rsquo;interaction<\/li><li>Products and services owned or used and associated content<\/li><li>Location data<\/li><\/ul>\n\n\n\n<div style=\"height:60px\" aria-hidden=\"true\" class=\"wp-block-spacer\"><\/div>\n\n\n\n<h3 class=\"has-text-align-center wp-block-heading\">Who are the recipients of your data ?<\/h3>\n\n\n\n<div style=\"height:40px\" aria-hidden=\"true\" class=\"wp-block-spacer\"><\/div>\n\n\n\n<p class=\"has-text-align-center\">The data collected is intended for PRIMAL's online services and PRIMAL's internal services (according to contractual conditions).<\/p>\n\n\n\n<div style=\"height:60px\" aria-hidden=\"true\" class=\"wp-block-spacer\"><\/div>\n\n\n\n<h3 class=\"has-text-align-center wp-block-heading\">What are your rights ?<\/h3>\n\n\n\n<div style=\"height:40px\" aria-hidden=\"true\" class=\"wp-block-spacer\"><\/div>\n\n\n\n<p class=\"has-text-align-center\">Vous disposez d&rsquo;un droit d&rsquo;acc\u00e8s, de modification, d&rsquo;oubli num\u00e9rique et de suppression des donn\u00e9es qui vous concernent. Vous pouvez demander la portabilit\u00e9 de ces derni\u00e8res. Vous avez \u00e9galement le droit de vous opposer aux traitements r\u00e9alis\u00e9s ou d&rsquo;en demander la limitation. Vous disposez \u00e9galement du droit de d\u00e9poser une r\u00e9clamation aupr\u00e8s de la CNIL.<\/p>\n\n\n\n<div style=\"height:60px\" aria-hidden=\"true\" class=\"wp-block-spacer\"><\/div>\n\n\n\n<h3 class=\"has-text-align-center wp-block-heading\">How to exercise your rights?<\/h3>\n\n\n\n<div style=\"height:40px\" aria-hidden=\"true\" class=\"wp-block-spacer\"><\/div>\n\n\n\n<p class=\"has-text-align-center\">You can exercise your rights at any time by contacting the Data Protection Officer : <strong>dpo@solem.fr<\/strong>. \ud83d\udcee<\/p>\n\n\n\n<div style=\"height:60px\" aria-hidden=\"true\" class=\"wp-block-spacer\"><\/div>\n\n\n\n<h3 class=\"has-text-align-center wp-block-heading\">How is your data secure?<\/h3>\n\n\n\n<div style=\"height:40px\" aria-hidden=\"true\" class=\"wp-block-spacer\"><\/div>\n\n\n\n<p class=\"has-text-align-center\">PRIMAL s&rsquo;assure que vos donn\u00e9es sont trait\u00e9es en toute s\u00e9curit\u00e9 et confidentialit\u00e9, y compris lorsque certaines op\u00e9rations sont r\u00e9alis\u00e9es par des partenaires. <\/p>\n\n\n\n<p class=\"has-text-align-center\">To this end, PRIMAL has implemented the appropriate organizational measures to preserve the confidentiality and privacy of the persons concerned. These measures are adapted according to the level of sensivity of the data processed and according to the level of risk presented by the processing or its implementation. <\/p>\n\n\n\n<p class=\"has-text-align-center\">Ces mesures pr\u00e9servent d&rsquo;\u00e9viter la perte, la mauvaise utilisation, la modification et la suppression des donn\u00e9es personnelles concern\u00e9es. PRIMAL garantit la s\u00e9curisation des donn\u00e9es et serveurs, l&rsquo;accessibilit\u00e9 ainsi que la maintenance \u00e9volutive et corrective aux services associ\u00e9s. SOLEM assure l&rsquo;int\u00e9grit\u00e9 des sauvegardes partitionn\u00e9es. <\/p>\n\n\n\n<p class=\"has-text-align-center\">Les demandes ou requ\u00eates clients se font directement \u00e0 l&rsquo;adresse <strong>dpo@solem.fr<\/strong>. \ud83d\udcee<\/p>\n\n\n\n<figure class=\"wp-block-image size-full corner-top\"><img loading=\"lazy\" decoding=\"async\" width=\"1499\" height=\"1057\" src=\"https:\/\/primal.tech\/wp-content\/uploads\/2022\/03\/forme1.png\" alt=\"\" class=\"wp-image-1547\"\/><\/figure>\n\n\n\n<figure class=\"wp-block-image size-full corner-bottom\"><img loading=\"lazy\" decoding=\"async\" width=\"1499\" height=\"1057\" src=\"https:\/\/primal.tech\/wp-content\/uploads\/2022\/03\/forme2.png\" alt=\"\" class=\"wp-image-1548\"\/><\/figure>","protected":false},"excerpt":{"rendered":"<p>PRIMAL s&rsquo;engage, dans le cadre de ses activit\u00e9s et conform\u00e9ment \u00e0 la l\u00e9gislation en vigueur&hellip;<\/p>","protected":false},"author":2,"featured_media":0,"parent":0,"menu_order":0,"comment_status":"closed","ping_status":"closed","template":"","meta":{"footnotes":""},"class_list":["post-1490","page","type-page","status-publish","hentry","has-content"],"_links":{"self":[{"href":"https:\/\/primal.tech\/en\/wp-json\/wp\/v2\/pages\/1490","targetHints":{"allow":["GET"]}}],"collection":[{"href":"https:\/\/primal.tech\/en\/wp-json\/wp\/v2\/pages"}],"about":[{"href":"https:\/\/primal.tech\/en\/wp-json\/wp\/v2\/types\/page"}],"author":[{"embeddable":true,"href":"https:\/\/primal.tech\/en\/wp-json\/wp\/v2\/users\/2"}],"replies":[{"embeddable":true,"href":"https:\/\/primal.tech\/en\/wp-json\/wp\/v2\/comments?post=1490"}],"version-history":[{"count":13,"href":"https:\/\/primal.tech\/en\/wp-json\/wp\/v2\/pages\/1490\/revisions"}],"predecessor-version":[{"id":1555,"href":"https:\/\/primal.tech\/en\/wp-json\/wp\/v2\/pages\/1490\/revisions\/1555"}],"wp:attachment":[{"href":"https:\/\/primal.tech\/en\/wp-json\/wp\/v2\/media?parent=1490"}],"curies":[{"name":"wp","href":"https:\/\/api.w.org\/{rel}","templated":true}]}}

<p class="has-text-align-center">PRIMAL s&rsquo;engage, dans le cadre de ses activités et conformément à la législation en vigueur en France et en Europe, à assurer la protection, la confidentialité et la sécurité des données à caractère personnel des utilisateurs de ses services, ainsi qu&rsquo;à respecter leur vie privée.</p>



<div style="height:60px" aria-hidden="true" class="wp-block-spacer"></div>



<h3 class="has-text-align-center wp-block-heading">Why does PRIMAL process your data ?</h3>



<div style="height:40px" aria-hidden="true" class="wp-block-spacer"></div>



<p class="has-text-align-center">PRIMAL only processes personal data for specific, explicit and legitimate purposes. PRIMAL does not process this data in a manner incompatible with these purposes.</p>



<div style="height:60px" aria-hidden="true" class="wp-block-spacer"></div>



<h5 class="has-text-align-center wp-block-heading">1) PRIMAL traite vos données dans le cadre de l&rsquo;exécution d&rsquo;un contrat</h5>



<div style="height:40px" aria-hidden="true" class="wp-block-spacer"></div>



<p class="has-text-align-center">To this end, the goals pursued by PRIMAL are as follows :</p>



<ul class="wp-block-list"><li>Order management, processing and tracking</li><li>Account creation</li><li>Content creation and sharing</li><li>Creating and sharing photos (compressed data)</li><li>Creating and sharing audio messages (compressed data)</li><li>Notifications necessary for the operation of the proposed services (example : actimetry, use of badges)</li><li>Geolocations necessary for the operation of the proposed services (example : use of BLE, Wi-Fi, GPS, 3G functions)</li></ul>



<p class="has-text-align-center">Vos données sont conservées pour la durée nécessaire à l&rsquo;accomplissement des finalités mentionnées ci-dessus. S&rsquo;agissant des traitements relatifs à l&rsquo;exécution du contrat, les données peuvent être conservées au maximum pour une durée de trois ans à compter de la fin de la relation contractuelle.</p>



<div style="height:60px" aria-hidden="true" class="wp-block-spacer"></div>



<h5 class="has-text-align-center wp-block-heading">2) PRIMAL réalise également des traitements de données pour d&rsquo;autres finalités que la stricte exécution de contrats. Dans ce cas, PRIMAL s&rsquo;assure d&rsquo;avoir un intérêt légitime à réaliser le traitement. Par ailleurs, des traitements pourront faire l&rsquo;objet, autant que de besoin, du recueil de votre consentement, que vous pourrez retirer à tout moment.</h5>



<div style="height:40px" aria-hidden="true" class="wp-block-spacer"></div>



<p class="has-text-align-center">To this end, the goals pursued by PRIMAL are as follows :</p>



<ul class="wp-block-list"><li>Informer via l&rsquo;inscription aux Newsletters</li><li>Answer questions, advise</li><li>Répondre aux besoins de fonctionnement des services (Cookies 🍪)</li><li>Les cookies utilisés par PRIMAL servent uniquement au maintien de la session utilisateur après son authentification. Il s&rsquo;agit exclusivement de cookies de fonctionnement, qui peuvent toutefois être refusés en configurant les paramètres de votre navigateur</li></ul>



<p class="has-text-align-center">Vos données sont conservées pour la durée nécessaire à l&rsquo;accomplissement des finalités mentionnées ci-dessus.</p>



<div style="height:60px" aria-hidden="true" class="wp-block-spacer"></div>



<h3 class="has-text-align-center wp-block-heading">What data is processed ?</h3>



<div style="height:40px" aria-hidden="true" class="wp-block-spacer"></div>



<p class="has-text-align-center">Selon le cas, PRIMAL traite vos données personnelles, directement collectées auprès de vous ou résultant de l&rsquo;utilisation des produits ou services. PRIMAL ne traite une donnée ou une catégorie de données que si elle est strictement nécessaire à la finalité poursuivie.</p>



<p class="has-text-align-center">PRIMAL processes the following categories of data :</p>



<ul class="wp-block-list"><li>Données d&rsquo;identification : Nom, prénom&#8230;</li><li>Personal characteristics : date of birth</li><li>Données de contact : adresse postale, email, numéro de téléphone&#8230;</li><li>Données économiques et financières : moyens de paiement, historique de paiements&#8230;</li><li>Données de connexion, d&rsquo;usage des services et d&rsquo;interaction</li><li>Products and services owned or used and associated content</li><li>Location data</li></ul>



<div style="height:60px" aria-hidden="true" class="wp-block-spacer"></div>



<h3 class="has-text-align-center wp-block-heading">Who are the recipients of your data ?</h3>



<div style="height:40px" aria-hidden="true" class="wp-block-spacer"></div>



<p class="has-text-align-center">The data collected is intended for PRIMAL's online services and PRIMAL's internal services (according to contractual conditions).</p>



<div style="height:60px" aria-hidden="true" class="wp-block-spacer"></div>



<h3 class="has-text-align-center wp-block-heading">What are your rights ?</h3>



<div style="height:40px" aria-hidden="true" class="wp-block-spacer"></div>



<p class="has-text-align-center">Vous disposez d&rsquo;un droit d&rsquo;accès, de modification, d&rsquo;oubli numérique et de suppression des données qui vous concernent. Vous pouvez demander la portabilité de ces dernières. Vous avez également le droit de vous opposer aux traitements réalisés ou d&rsquo;en demander la limitation. Vous disposez également du droit de déposer une réclamation auprès de la CNIL.</p>



<div style="height:60px" aria-hidden="true" class="wp-block-spacer"></div>



<h3 class="has-text-align-center wp-block-heading">How to exercise your rights?</h3>



<div style="height:40px" aria-hidden="true" class="wp-block-spacer"></div>



<p class="has-text-align-center">You can exercise your rights at any time by contacting the Data Protection Officer : <strong>dpo@solem.fr</strong>. 📮</p>



<div style="height:60px" aria-hidden="true" class="wp-block-spacer"></div>



<h3 class="has-text-align-center wp-block-heading">How is your data secure?</h3>



<div style="height:40px" aria-hidden="true" class="wp-block-spacer"></div>



<p class="has-text-align-center">PRIMAL s&rsquo;assure que vos données sont traitées en toute sécurité et confidentialité, y compris lorsque certaines opérations sont réalisées par des partenaires. </p>



<p class="has-text-align-center">To this end, PRIMAL has implemented the appropriate organizational measures to preserve the confidentiality and privacy of the persons concerned. These measures are adapted according to the level of sensivity of the data processed and according to the level of risk presented by the processing or its implementation. </p>



<p class="has-text-align-center">Ces mesures préservent d&rsquo;éviter la perte, la mauvaise utilisation, la modification et la suppression des données personnelles concernées. PRIMAL garantit la sécurisation des données et serveurs, l&rsquo;accessibilité ainsi que la maintenance évolutive et corrective aux services associés. SOLEM assure l&rsquo;intégrité des sauvegardes partitionnées. </p>



<p class="has-text-align-center">Les demandes ou requêtes clients se font directement à l&rsquo;adresse <strong>dpo@solem.fr</strong>. 📮</p>



<figure class="wp-block-image size-full corner-top"><img loading="lazy" decoding="async" width="1499" height="1057" src="https://primal.tech/wp-content/uploads/2022/03/forme1.png" alt="" class="wp-image-1547"/></figure>



<figure class="wp-block-image size-full corner-bottom"><img loading="lazy" decoding="async" width="1499" height="1057" src="https://primal.tech/wp-content/uploads/2022/03/forme2.png" alt="" class="wp-image-1548"/></figure>

<p>PRIMAL s&rsquo;engage, dans le cadre de ses activités et conformément à la législation en vigueur&hellip;</p>
